{"id":7016,"date":"2021-09-01T09:02:41","date_gmt":"2021-09-01T07:02:41","guid":{"rendered":"https:\/\/www.evangelisch-in-jerusalem.org\/?post_type=mec-events&#038;p=7016"},"modified":"2021-10-27T12:18:37","modified_gmt":"2021-10-27T10:18:37","slug":"gd_211031_int_gd_reforationstag","status":"publish","type":"mec-events","link":"https:\/\/www.evangelisch-in-jerusalem.org\/en\/events\/gd_211031_int_gd_reforationstag\/","title":{"rendered":"Internationaler Gottesdienst am Reformationstag mit Einf\u00fchrung des Propstes"},"content":{"rendered":"<p>Wir feiern gemeinsam mit der arabischen und englischen Gemeinde einen internationalen Gottesdienst in der Erl\u00f6serkirche der Jerusalemer Altstadt. In diesem Gottesdienst wird Propst <em>Joachim Lenz<\/em> durch die Auslandsbisch\u00f6fin der EKD, <em>Petra Bosse-Huber<\/em>, in sein Amt eingef\u00fchrt. Die feierliche Einf\u00fchrung wurde wegen der Pandemie-Beschr\u00e4nkungen erst jetzt stattfinden, der Propst ist seit August 2020 in Jerusalem und wurde damals von der Gemeinde begr\u00fc\u00dft und als Pfarrer installiert.<\/p>\n<p>Der Gottesdienst findet in drei Sprachen, arabisch, deutsch und englisch statt. Anschlie\u00dfend wird es einen Empfang geben.<\/p>\n<p>Leitung: Bischof <em>Ibrahim Azar<\/em>, Bisch\u00f6fin <em>Petra Bosse-Huber<\/em> u.a.<br \/>\nPredigt: Propst <em>Joachim Lenz<br \/>\n<\/em>Musik:<br \/>\n&#8211; Kantorei der Erl\u00f6serkirche,<br \/>\n&#8211; Brass for Peace, Beit Jala<br \/>\n&#8211; Orgel und Gesamtleitung: KMD <em>Peter-Michael Seifried<\/em><\/p>","protected":false},"excerpt":{"rendered":"<p>Wir feiern gemeinsam mit der arabischen und englischen Gemeinde einen internationalen Gottesdienst in der Erl\u00f6serkirche der Jerusalemer Altstadt. In diesem Gottesdienst wird Propst Joachim Lenz durch die Auslandsbisch\u00f6fin der EKD, Petra Bosse-Huber, in sein Amt eingef\u00fchrt. Die feierliche Einf\u00fchrung wurde wegen der Pandemie-Beschr\u00e4nkungen erst jetzt stattfinden, der Propst ist seit August 2020 in Jerusalem und &hellip; <\/p>\n<p class=\"link-more\"><a href=\"https:\/\/www.evangelisch-in-jerusalem.org\/en\/events\/gd_211031_int_gd_reforationstag\/\" class=\"more-link\">Continue reading<span class=\"screen-reader-text\"> &#8220;Internationaler Gottesdienst am Reformationstag mit Einf\u00fchrung des Propstes&#8221;<\/span><\/a><\/p>","protected":false},"author":8,"featured_media":0,"comment_status":"closed","ping_status":"closed","template":"","tags":[256,124,213,97,125,278],"mec_category":[118,192,12,189],"class_list":["post-7016","mec-events","type-mec-events","status-publish","hentry","tag-altstadt","tag-erloeserkirche","tag-gottesdienst","tag-internationaler-gottesdienst","tag-jerusalem","tag-reformationstag","mec_category-abendmahlgd","mec_category-gemeindeveranst","mec_category-gottesdienst","mec_category-internet-gottesdienst","entry"],"yoast_head":"<!-- This site is optimized with the Yoast SEO plugin v27.4 - https:\/\/yoast.com\/product\/yoast-seo-wordpress\/ -->\n<title>Internationaler Gottesdienst am Reformationstag mit Einf\u00fchrung des Propstes - Evangelisch in Jerusalem<\/title>\n<meta name=\"robots\" content=\"index, follow, max-snippet:-1, max-image-preview:large, max-video-preview:-1\" \/>\n<link rel=\"canonical\" href=\"https:\/\/www.evangelisch-in-jerusalem.org\/en\/events\/gd_211031_int_gd_reforationstag\/\" \/>\n<meta property=\"og:locale\" content=\"en_GB\" \/>\n<meta property=\"og:type\" content=\"article\" \/>\n<meta property=\"og:title\" content=\"Internationaler Gottesdienst am Reformationstag mit Einf\u00fchrung des Propstes - Evangelisch in Jerusalem\" \/>\n<meta property=\"og:description\" content=\"Wir feiern gemeinsam mit der arabischen und englischen Gemeinde einen internationalen Gottesdienst in der Erl\u00f6serkirche der Jerusalemer Altstadt. In diesem Gottesdienst wird Propst Joachim Lenz durch die Auslandsbisch\u00f6fin der EKD, Petra Bosse-Huber, in sein Amt eingef\u00fchrt. Die feierliche Einf\u00fchrung wurde wegen der Pandemie-Beschr\u00e4nkungen erst jetzt stattfinden, der Propst ist seit August 2020 in Jerusalem und &hellip; Continue reading &quot;Internationaler Gottesdienst am Reformationstag mit Einf\u00fchrung des Propstes&quot;\" \/>\n<meta property=\"og:url\" content=\"https:\/\/www.evangelisch-in-jerusalem.org\/en\/events\/gd_211031_int_gd_reforationstag\/\" \/>\n<meta property=\"og:site_name\" content=\"Evangelisch in Jerusalem\" \/>\n<meta property=\"article:publisher\" content=\"https:\/\/www.facebook.com\/erloeserkirche.jerusalem\" \/>\n<meta property=\"article:modified_time\" content=\"2021-10-27T10:18:37+00:00\" \/>\n<meta name=\"twitter:card\" content=\"summary_large_image\" \/>\n<meta name=\"twitter:label1\" content=\"Estimated reading time\" \/>\n\t<meta name=\"twitter:data1\" content=\"1 minute\" \/>\n<script type=\"application\/ld+json\" class=\"yoast-schema-graph\">{\"@context\":\"https:\\\/\\\/schema.org\",\"@graph\":[{\"@type\":\"WebPage\",\"@id\":\"https:\\\/\\\/www.evangelisch-in-jerusalem.org\\\/events\\\/gd_211031_int_gd_reforationstag\\\/\",\"url\":\"https:\\\/\\\/www.evangelisch-in-jerusalem.org\\\/events\\\/gd_211031_int_gd_reforationstag\\\/\",\"name\":\"Internationaler Gottesdienst am Reformationstag mit Einf\u00fchrung des Propstes - Evangelisch in Jerusalem\",\"isPartOf\":{\"@id\":\"https:\\\/\\\/www.evangelisch-in-jerusalem.org\\\/#website\"},\"datePublished\":\"2021-09-01T07:02:41+00:00\",\"dateModified\":\"2021-10-27T10:18:37+00:00\",\"breadcrumb\":{\"@id\":\"https:\\\/\\\/www.evangelisch-in-jerusalem.org\\\/events\\\/gd_211031_int_gd_reforationstag\\\/#breadcrumb\"},\"inLanguage\":\"en-GB\",\"potentialAction\":[{\"@type\":\"ReadAction\",\"target\":[\"https:\\\/\\\/www.evangelisch-in-jerusalem.org\\\/events\\\/gd_211031_int_gd_reforationstag\\\/\"]}]},{\"@type\":\"BreadcrumbList\",\"@id\":\"https:\\\/\\\/www.evangelisch-in-jerusalem.org\\\/events\\\/gd_211031_int_gd_reforationstag\\\/#breadcrumb\",\"itemListElement\":[{\"@type\":\"ListItem\",\"position\":1,\"name\":\"Startseite\",\"item\":\"https:\\\/\\\/www.evangelisch-in-jerusalem.org\\\/\"},{\"@type\":\"ListItem\",\"position\":2,\"name\":\"Veranstaltungen\",\"item\":\"https:\\\/\\\/www.evangelisch-in-jerusalem.org\\\/events\\\/\"},{\"@type\":\"ListItem\",\"position\":3,\"name\":\"Internationaler Gottesdienst am Reformationstag mit Einf\u00fchrung des Propstes\"}]},{\"@type\":\"WebSite\",\"@id\":\"https:\\\/\\\/www.evangelisch-in-jerusalem.org\\\/#website\",\"url\":\"https:\\\/\\\/www.evangelisch-in-jerusalem.org\\\/\",\"name\":\"Evangelisch in Jerusalem\",\"description\":\"Stiftungen der EKD im Heiligen Land\",\"publisher\":{\"@id\":\"https:\\\/\\\/www.evangelisch-in-jerusalem.org\\\/#organization\"},\"potentialAction\":[{\"@type\":\"SearchAction\",\"target\":{\"@type\":\"EntryPoint\",\"urlTemplate\":\"https:\\\/\\\/www.evangelisch-in-jerusalem.org\\\/?s={search_term_string}\"},\"query-input\":{\"@type\":\"PropertyValueSpecification\",\"valueRequired\":true,\"valueName\":\"search_term_string\"}}],\"inLanguage\":\"en-GB\"},{\"@type\":\"Organization\",\"@id\":\"https:\\\/\\\/www.evangelisch-in-jerusalem.org\\\/#organization\",\"name\":\"German Protestant Institutions in the Holy Land\",\"url\":\"https:\\\/\\\/www.evangelisch-in-jerusalem.org\\\/\",\"logo\":{\"@type\":\"ImageObject\",\"inLanguage\":\"en-GB\",\"@id\":\"https:\\\/\\\/www.evangelisch-in-jerusalem.org\\\/#\\\/schema\\\/logo\\\/image\\\/\",\"url\":\"https:\\\/\\\/www.evangelisch-in-jerusalem.org\\\/wp-content\\\/uploads\\\/2019\\\/03\\\/EIJ_Logo_500-px.png\",\"contentUrl\":\"https:\\\/\\\/www.evangelisch-in-jerusalem.org\\\/wp-content\\\/uploads\\\/2019\\\/03\\\/EIJ_Logo_500-px.png\",\"width\":500,\"height\":82,\"caption\":\"German Protestant Institutions in the Holy Land\"},\"image\":{\"@id\":\"https:\\\/\\\/www.evangelisch-in-jerusalem.org\\\/#\\\/schema\\\/logo\\\/image\\\/\"},\"sameAs\":[\"https:\\\/\\\/www.facebook.com\\\/erloeserkirche.jerusalem\"]}]}<\/script>\n<!-- \/ Yoast SEO plugin. -->","yoast_head_json":{"title":"Internationaler Gottesdienst am Reformationstag mit Einf\u00fchrung des Propstes - Evangelisch in Jerusalem","robots":{"index":"index","follow":"follow","max-snippet":"max-snippet:-1","max-image-preview":"max-image-preview:large","max-video-preview":"max-video-preview:-1"},"canonical":"https:\/\/www.evangelisch-in-jerusalem.org\/en\/events\/gd_211031_int_gd_reforationstag\/","og_locale":"en_GB","og_type":"article","og_title":"Internationaler Gottesdienst am Reformationstag mit Einf\u00fchrung des Propstes - Evangelisch in Jerusalem","og_description":"Wir feiern gemeinsam mit der arabischen und englischen Gemeinde einen internationalen Gottesdienst in der Erl\u00f6serkirche der Jerusalemer Altstadt. In diesem Gottesdienst wird Propst Joachim Lenz durch die Auslandsbisch\u00f6fin der EKD, Petra Bosse-Huber, in sein Amt eingef\u00fchrt. Die feierliche Einf\u00fchrung wurde wegen der Pandemie-Beschr\u00e4nkungen erst jetzt stattfinden, der Propst ist seit August 2020 in Jerusalem und &hellip; Continue reading \"Internationaler Gottesdienst am Reformationstag mit Einf\u00fchrung des Propstes\"","og_url":"https:\/\/www.evangelisch-in-jerusalem.org\/en\/events\/gd_211031_int_gd_reforationstag\/","og_site_name":"Evangelisch in Jerusalem","article_publisher":"https:\/\/www.facebook.com\/erloeserkirche.jerusalem","article_modified_time":"2021-10-27T10:18:37+00:00","twitter_card":"summary_large_image","twitter_misc":{"Estimated reading time":"1 minute"},"schema":{"@context":"https:\/\/schema.org","@graph":[{"@type":"WebPage","@id":"https:\/\/www.evangelisch-in-jerusalem.org\/events\/gd_211031_int_gd_reforationstag\/","url":"https:\/\/www.evangelisch-in-jerusalem.org\/events\/gd_211031_int_gd_reforationstag\/","name":"Internationaler Gottesdienst am Reformationstag mit Einf\u00fchrung des Propstes - Evangelisch in Jerusalem","isPartOf":{"@id":"https:\/\/www.evangelisch-in-jerusalem.org\/#website"},"datePublished":"2021-09-01T07:02:41+00:00","dateModified":"2021-10-27T10:18:37+00:00","breadcrumb":{"@id":"https:\/\/www.evangelisch-in-jerusalem.org\/events\/gd_211031_int_gd_reforationstag\/#breadcrumb"},"inLanguage":"en-GB","potentialAction":[{"@type":"ReadAction","target":["https:\/\/www.evangelisch-in-jerusalem.org\/events\/gd_211031_int_gd_reforationstag\/"]}]},{"@type":"BreadcrumbList","@id":"https:\/\/www.evangelisch-in-jerusalem.org\/events\/gd_211031_int_gd_reforationstag\/#breadcrumb","itemListElement":[{"@type":"ListItem","position":1,"name":"Startseite","item":"https:\/\/www.evangelisch-in-jerusalem.org\/"},{"@type":"ListItem","position":2,"name":"Veranstaltungen","item":"https:\/\/www.evangelisch-in-jerusalem.org\/events\/"},{"@type":"ListItem","position":3,"name":"Internationaler Gottesdienst am Reformationstag mit Einf\u00fchrung des Propstes"}]},{"@type":"WebSite","@id":"https:\/\/www.evangelisch-in-jerusalem.org\/#website","url":"https:\/\/www.evangelisch-in-jerusalem.org\/","name":"Evangelisch in Jerusalem","description":"German Protestant Institutions in the Holy Land","publisher":{"@id":"https:\/\/www.evangelisch-in-jerusalem.org\/#organization"},"potentialAction":[{"@type":"SearchAction","target":{"@type":"EntryPoint","urlTemplate":"https:\/\/www.evangelisch-in-jerusalem.org\/?s={search_term_string}"},"query-input":{"@type":"PropertyValueSpecification","valueRequired":true,"valueName":"search_term_string"}}],"inLanguage":"en-GB"},{"@type":"Organization","@id":"https:\/\/www.evangelisch-in-jerusalem.org\/#organization","name":"German Protestant Institutions in the Holy Land","url":"https:\/\/www.evangelisch-in-jerusalem.org\/","logo":{"@type":"ImageObject","inLanguage":"en-GB","@id":"https:\/\/www.evangelisch-in-jerusalem.org\/#\/schema\/logo\/image\/","url":"https:\/\/www.evangelisch-in-jerusalem.org\/wp-content\/uploads\/2019\/03\/EIJ_Logo_500-px.png","contentUrl":"https:\/\/www.evangelisch-in-jerusalem.org\/wp-content\/uploads\/2019\/03\/EIJ_Logo_500-px.png","width":500,"height":82,"caption":"German Protestant Institutions in the Holy Land"},"image":{"@id":"https:\/\/www.evangelisch-in-jerusalem.org\/#\/schema\/logo\/image\/"},"sameAs":["https:\/\/www.facebook.com\/erloeserkirche.jerusalem"]}]}},"_links":{"self":[{"href":"https:\/\/www.evangelisch-in-jerusalem.org\/en\/wp-json\/wp\/v2\/mec-events\/7016","targetHints":{"allow":["GET"]}}],"collection":[{"href":"https:\/\/www.evangelisch-in-jerusalem.org\/en\/wp-json\/wp\/v2\/mec-events"}],"about":[{"href":"https:\/\/www.evangelisch-in-jerusalem.org\/en\/wp-json\/wp\/v2\/types\/mec-events"}],"author":[{"embeddable":true,"href":"https:\/\/www.evangelisch-in-jerusalem.org\/en\/wp-json\/wp\/v2\/users\/8"}],"replies":[{"embeddable":true,"href":"https:\/\/www.evangelisch-in-jerusalem.org\/en\/wp-json\/wp\/v2\/comments?post=7016"}],"version-history":[{"count":2,"href":"https:\/\/www.evangelisch-in-jerusalem.org\/en\/wp-json\/wp\/v2\/mec-events\/7016\/revisions"}],"predecessor-version":[{"id":7407,"href":"https:\/\/www.evangelisch-in-jerusalem.org\/en\/wp-json\/wp\/v2\/mec-events\/7016\/revisions\/7407"}],"wp:attachment":[{"href":"https:\/\/www.evangelisch-in-jerusalem.org\/en\/wp-json\/wp\/v2\/media?parent=7016"}],"wp:term":[{"taxonomy":"post_tag","embeddable":true,"href":"https:\/\/www.evangelisch-in-jerusalem.org\/en\/wp-json\/wp\/v2\/tags?post=7016"},{"taxonomy":"mec_category","embeddable":true,"href":"https:\/\/www.evangelisch-in-jerusalem.org\/en\/wp-json\/wp\/v2\/mec_category?post=7016"}],"curies":[{"name":"wp","href":"https:\/\/api.w.org\/{rel}","templated":true}]}}

Internationaler Gottesdienst am Reformationstag mit Einführung des Propstes

<p>Wir feiern gemeinsam mit der arabischen und englischen Gemeinde einen internationalen Gottesdienst in der Erlöserkirche der Jerusalemer Altstadt. In diesem Gottesdienst wird Propst <em>Joachim Lenz</em> durch die Auslandsbischöfin der EKD, <em>Petra Bosse-Huber</em>, in sein Amt eingeführt. Die feierliche Einführung wurde wegen der Pandemie-Beschränkungen erst jetzt stattfinden, der Propst ist seit August 2020 in Jerusalem und wurde damals von der Gemeinde begrüßt und als Pfarrer installiert.</p>
<p>Der Gottesdienst findet in drei Sprachen, arabisch, deutsch und englisch statt. Anschließend wird es einen Empfang geben.</p>
<p>Leitung: Bischof <em>Ibrahim Azar</em>, Bischöfin <em>Petra Bosse-Huber</em> u.a.<br />
Predigt: Propst <em>Joachim Lenz<br />
</em>Musik:<br />
&#8211; Kantorei der Erlöserkirche,<br />
&#8211; Brass for Peace, Beit Jala<br />
&#8211; Orgel und Gesamtleitung: KMD <em>Peter-Michael Seifried</em></p>

<p>Wir feiern gemeinsam mit der arabischen und englischen Gemeinde einen internationalen Gottesdienst in der Erlöserkirche der Jerusalemer Altstadt. In diesem Gottesdienst wird Propst Joachim Lenz durch die Auslandsbischöfin der EKD, Petra Bosse-Huber, in sein Amt eingeführt. Die feierliche Einführung wurde wegen der Pandemie-Beschränkungen erst jetzt stattfinden, der Propst ist seit August 2020 in Jerusalem und &hellip; </p>
<p class="link-more"><a href="https://www.evangelisch-in-jerusalem.org/en/events/gd_211031_int_gd_reforationstag/" class="more-link">Continue reading<span class="screen-reader-text"> &#8220;Internationaler Gottesdienst am Reformationstag mit Einführung des Propstes&#8221;</span></a></p>

<!-- This site is optimized with the Yoast SEO plugin v27.4 - https://yoast.com/product/yoast-seo-wordpress/ -->
<title>Internationaler Gottesdienst am Reformationstag mit Einführung des Propstes - Evangelisch in Jerusalem</title>
<meta name="robots" content="index, follow, max-snippet:-1, max-image-preview:large, max-video-preview:-1" />
<link rel="canonical" href="https://www.evangelisch-in-jerusalem.org/en/events/gd_211031_int_gd_reforationstag/" />
<meta property="og:locale" content="en_GB" />
<meta property="og:type" content="article" />
<meta property="og:title" content="Internationaler Gottesdienst am Reformationstag mit Einführung des Propstes - Evangelisch in Jerusalem" />
<meta property="og:description" content="Wir feiern gemeinsam mit der arabischen und englischen Gemeinde einen internationalen Gottesdienst in der Erlöserkirche der Jerusalemer Altstadt. In diesem Gottesdienst wird Propst Joachim Lenz durch die Auslandsbischöfin der EKD, Petra Bosse-Huber, in sein Amt eingeführt. Die feierliche Einführung wurde wegen der Pandemie-Beschränkungen erst jetzt stattfinden, der Propst ist seit August 2020 in Jerusalem und &hellip; Continue reading &quot;Internationaler Gottesdienst am Reformationstag mit Einführung des Propstes&quot;" />
<meta property="og:url" content="https://www.evangelisch-in-jerusalem.org/en/events/gd_211031_int_gd_reforationstag/" />
<meta property="og:site_name" content="Evangelisch in Jerusalem" />
<meta property="article:publisher" content="https://www.facebook.com/erloeserkirche.jerusalem" />
<meta property="article:modified_time" content="2021-10-27T10:18:37+00:00" />
<meta name="twitter:card" content="summary_large_image" />
<meta name="twitter:label1" content="Estimated reading time" />
	<meta name="twitter:data1" content="1 minute" />
<script type="application/ld+json" class="yoast-schema-graph">{"@context":"https:\/\/schema.org","@graph":[{"@type":"WebPage","@id":"https:\/\/www.evangelisch-in-jerusalem.org\/events\/gd_211031_int_gd_reforationstag\/","url":"https:\/\/www.evangelisch-in-jerusalem.org\/events\/gd_211031_int_gd_reforationstag\/","name":"Internationaler Gottesdienst am Reformationstag mit Einführung des Propstes - Evangelisch in Jerusalem","isPartOf":{"@id":"https:\/\/www.evangelisch-in-jerusalem.org\/#website"},"datePublished":"2021-09-01T07:02:41+00:00","dateModified":"2021-10-27T10:18:37+00:00","breadcrumb":{"@id":"https:\/\/www.evangelisch-in-jerusalem.org\/events\/gd_211031_int_gd_reforationstag\/#breadcrumb"},"inLanguage":"en-GB","potentialAction":[{"@type":"ReadAction","target":["https:\/\/www.evangelisch-in-jerusalem.org\/events\/gd_211031_int_gd_reforationstag\/"]}]},{"@type":"BreadcrumbList","@id":"https:\/\/www.evangelisch-in-jerusalem.org\/events\/gd_211031_int_gd_reforationstag\/#breadcrumb","itemListElement":[{"@type":"ListItem","position":1,"name":"Startseite","item":"https:\/\/www.evangelisch-in-jerusalem.org\/"},{"@type":"ListItem","position":2,"name":"Veranstaltungen","item":"https:\/\/www.evangelisch-in-jerusalem.org\/events\/"},{"@type":"ListItem","position":3,"name":"Internationaler Gottesdienst am Reformationstag mit Einführung des Propstes"}]},{"@type":"WebSite","@id":"https:\/\/www.evangelisch-in-jerusalem.org\/#website","url":"https:\/\/www.evangelisch-in-jerusalem.org\/","name":"Evangelisch in Jerusalem","description":"Stiftungen der EKD im Heiligen Land","publisher":{"@id":"https:\/\/www.evangelisch-in-jerusalem.org\/#organization"},"potentialAction":[{"@type":"SearchAction","target":{"@type":"EntryPoint","urlTemplate":"https:\/\/www.evangelisch-in-jerusalem.org\/?s={search_term_string}"},"query-input":{"@type":"PropertyValueSpecification","valueRequired":true,"valueName":"search_term_string"}}],"inLanguage":"en-GB"},{"@type":"Organization","@id":"https:\/\/www.evangelisch-in-jerusalem.org\/#organization","name":"German Protestant Institutions in the Holy Land","url":"https:\/\/www.evangelisch-in-jerusalem.org\/","logo":{"@type":"ImageObject","inLanguage":"en-GB","@id":"https:\/\/www.evangelisch-in-jerusalem.org\/#\/schema\/logo\/image\/","url":"https:\/\/www.evangelisch-in-jerusalem.org\/wp-content\/uploads\/2019\/03\/EIJ_Logo_500-px.png","contentUrl":"https:\/\/www.evangelisch-in-jerusalem.org\/wp-content\/uploads\/2019\/03\/EIJ_Logo_500-px.png","width":500,"height":82,"caption":"German Protestant Institutions in the Holy Land"},"image":{"@id":"https:\/\/www.evangelisch-in-jerusalem.org\/#\/schema\/logo\/image\/"},"sameAs":["https:\/\/www.facebook.com\/erloeserkirche.jerusalem"]}]}</script>
<!-- / Yoast SEO plugin. -->

Internationaler Gottesdienst am Reformationstag mit Einführung des Propstes - Evangelisch in Jerusalem

Wir feiern gemeinsam mit der arabischen und englischen Gemeinde einen internationalen Gottesdienst in der Erlöserkirche der Jerusalemer Altstadt. In diesem Gottesdienst wird Propst Joachim Lenz durch die Auslandsbischöfin der EKD, Petra Bosse-Huber, in sein Amt eingeführt. Die feierliche Einführung wurde wegen der Pandemie-Beschränkungen erst jetzt stattfinden, der Propst ist seit August 2020 in Jerusalem und &hellip; Continue reading "Internationaler Gottesdienst am Reformationstag mit Einführung des Propstes"
