{"id":2385,"date":"2019-10-29T20:19:06","date_gmt":"2019-10-29T19:19:06","guid":{"rendered":"http:\/\/www.evangelisch-in-jerusalem.org\/?post_type=mec-events&#038;p=2385"},"modified":"2019-10-29T20:19:54","modified_gmt":"2019-10-29T19:19:54","slug":"filmabend","status":"publish","type":"mec-events","link":"https:\/\/www.evangelisch-in-jerusalem.org\/en\/events\/filmabend\/","title":{"rendered":"Filmabend"},"content":{"rendered":"<p>Cinemateum Victoria<br \/>\nFilmabend im Caf\u00e9 Auguste Victoria<br \/>\nSamstag, 16. November, 19 Uhr<br \/>\nTel Aviv on Fire<br \/>\nEin Film von Sameh Zoabi,\u00a0Pal\u00e4stina 2018, 97 Minuten\u00a0(Arabisch, Hebr\u00e4isch mit deutschen UT)<br \/>\nSalam hat ein Praktikum bei der erfolgreichen TV-Soap \u00abTel Aviv on Fire\u00bb angetreten. Um das Studio zu erreichen, muss er t\u00e4glich den Check-Point zwischen seinem Wohnort Jerusalem und Ramallah passieren. Dort trifft er auf Assi, den israelischen Chef des Grenz\u00fcbergangs, der nicht schlecht staunt, einem Macher der Lieblingsserie seiner Frau gegen\u00fcberzustehen. Sameh Zoabi entwickelt aus dieser Anlage eine herrliche Kom\u00f6die, die genussvoll zwischen dem Schein der Serie und der Wirklichkeit pendelt.<br \/>\nDer Filmabend findet im Caf\u00e9 Auguste Victoria auf dem Gel\u00e4nde der Kaiserin Auguste Victoria-Stiftung statt. Der Eintritt ist frei.<\/p>","protected":false},"excerpt":{"rendered":"<p>Cinemateum Victoria Filmabend im Caf\u00e9 Auguste Victoria Samstag, 16. November, 19 Uhr Tel Aviv on Fire Ein Film von Sameh Zoabi,\u00a0Pal\u00e4stina 2018, 97 Minuten\u00a0(Arabisch, Hebr\u00e4isch mit deutschen UT) Salam hat ein Praktikum bei der erfolgreichen TV-Soap \u00abTel Aviv on Fire\u00bb angetreten. Um das Studio zu erreichen, muss er t\u00e4glich den Check-Point zwischen seinem Wohnort Jerusalem &hellip; <\/p>\n<p class=\"link-more\"><a href=\"https:\/\/www.evangelisch-in-jerusalem.org\/en\/events\/filmabend\/\" class=\"more-link\">Continue reading<span class=\"screen-reader-text\"> &#8220;Filmabend&#8221;<\/span><\/a><\/p>","protected":false},"author":2,"featured_media":0,"comment_status":"closed","ping_status":"closed","template":"","tags":[110],"mec_category":[109],"class_list":["post-2385","mec-events","type-mec-events","status-publish","hentry","tag-filmabend","mec_category-filmabend","entry"],"yoast_head":"<!-- This site is optimized with the Yoast SEO plugin v27.4 - https:\/\/yoast.com\/product\/yoast-seo-wordpress\/ -->\n<title>Filmabend - Evangelisch in Jerusalem<\/title>\n<meta name=\"robots\" content=\"index, follow, max-snippet:-1, max-image-preview:large, max-video-preview:-1\" \/>\n<link rel=\"canonical\" href=\"https:\/\/www.evangelisch-in-jerusalem.org\/en\/events\/filmabend\/\" \/>\n<meta property=\"og:locale\" content=\"en_GB\" \/>\n<meta property=\"og:type\" content=\"article\" \/>\n<meta property=\"og:title\" content=\"Filmabend - Evangelisch in Jerusalem\" \/>\n<meta property=\"og:description\" content=\"Cinemateum Victoria Filmabend im Caf\u00e9 Auguste Victoria Samstag, 16. November, 19 Uhr Tel Aviv on Fire Ein Film von Sameh Zoabi,\u00a0Pal\u00e4stina 2018, 97 Minuten\u00a0(Arabisch, Hebr\u00e4isch mit deutschen UT) Salam hat ein Praktikum bei der erfolgreichen TV-Soap \u00abTel Aviv on Fire\u00bb angetreten. Um das Studio zu erreichen, muss er t\u00e4glich den Check-Point zwischen seinem Wohnort Jerusalem &hellip; Continue reading &quot;Filmabend&quot;\" \/>\n<meta property=\"og:url\" content=\"https:\/\/www.evangelisch-in-jerusalem.org\/en\/events\/filmabend\/\" \/>\n<meta property=\"og:site_name\" content=\"Evangelisch in Jerusalem\" \/>\n<meta property=\"article:publisher\" content=\"https:\/\/www.facebook.com\/erloeserkirche.jerusalem\" \/>\n<meta property=\"article:modified_time\" content=\"2019-10-29T19:19:54+00:00\" \/>\n<meta name=\"twitter:card\" content=\"summary_large_image\" \/>\n<meta name=\"twitter:label1\" content=\"Estimated reading time\" \/>\n\t<meta name=\"twitter:data1\" content=\"1 minute\" \/>\n<script type=\"application\/ld+json\" class=\"yoast-schema-graph\">{\"@context\":\"https:\\\/\\\/schema.org\",\"@graph\":[{\"@type\":\"WebPage\",\"@id\":\"https:\\\/\\\/www.evangelisch-in-jerusalem.org\\\/events\\\/filmabend\\\/\",\"url\":\"https:\\\/\\\/www.evangelisch-in-jerusalem.org\\\/events\\\/filmabend\\\/\",\"name\":\"Filmabend - Evangelisch in Jerusalem\",\"isPartOf\":{\"@id\":\"https:\\\/\\\/www.evangelisch-in-jerusalem.org\\\/#website\"},\"datePublished\":\"2019-10-29T19:19:06+00:00\",\"dateModified\":\"2019-10-29T19:19:54+00:00\",\"breadcrumb\":{\"@id\":\"https:\\\/\\\/www.evangelisch-in-jerusalem.org\\\/events\\\/filmabend\\\/#breadcrumb\"},\"inLanguage\":\"en-GB\",\"potentialAction\":[{\"@type\":\"ReadAction\",\"target\":[\"https:\\\/\\\/www.evangelisch-in-jerusalem.org\\\/events\\\/filmabend\\\/\"]}]},{\"@type\":\"BreadcrumbList\",\"@id\":\"https:\\\/\\\/www.evangelisch-in-jerusalem.org\\\/events\\\/filmabend\\\/#breadcrumb\",\"itemListElement\":[{\"@type\":\"ListItem\",\"position\":1,\"name\":\"Startseite\",\"item\":\"https:\\\/\\\/www.evangelisch-in-jerusalem.org\\\/\"},{\"@type\":\"ListItem\",\"position\":2,\"name\":\"Veranstaltungen\",\"item\":\"https:\\\/\\\/www.evangelisch-in-jerusalem.org\\\/events\\\/\"},{\"@type\":\"ListItem\",\"position\":3,\"name\":\"Filmabend\"}]},{\"@type\":\"WebSite\",\"@id\":\"https:\\\/\\\/www.evangelisch-in-jerusalem.org\\\/#website\",\"url\":\"https:\\\/\\\/www.evangelisch-in-jerusalem.org\\\/\",\"name\":\"Evangelisch in Jerusalem\",\"description\":\"Stiftungen der EKD im Heiligen Land\",\"publisher\":{\"@id\":\"https:\\\/\\\/www.evangelisch-in-jerusalem.org\\\/#organization\"},\"potentialAction\":[{\"@type\":\"SearchAction\",\"target\":{\"@type\":\"EntryPoint\",\"urlTemplate\":\"https:\\\/\\\/www.evangelisch-in-jerusalem.org\\\/?s={search_term_string}\"},\"query-input\":{\"@type\":\"PropertyValueSpecification\",\"valueRequired\":true,\"valueName\":\"search_term_string\"}}],\"inLanguage\":\"en-GB\"},{\"@type\":\"Organization\",\"@id\":\"https:\\\/\\\/www.evangelisch-in-jerusalem.org\\\/#organization\",\"name\":\"German Protestant Institutions in the Holy Land\",\"url\":\"https:\\\/\\\/www.evangelisch-in-jerusalem.org\\\/\",\"logo\":{\"@type\":\"ImageObject\",\"inLanguage\":\"en-GB\",\"@id\":\"https:\\\/\\\/www.evangelisch-in-jerusalem.org\\\/#\\\/schema\\\/logo\\\/image\\\/\",\"url\":\"https:\\\/\\\/www.evangelisch-in-jerusalem.org\\\/wp-content\\\/uploads\\\/2019\\\/03\\\/EIJ_Logo_500-px.png\",\"contentUrl\":\"https:\\\/\\\/www.evangelisch-in-jerusalem.org\\\/wp-content\\\/uploads\\\/2019\\\/03\\\/EIJ_Logo_500-px.png\",\"width\":500,\"height\":82,\"caption\":\"German Protestant Institutions in the Holy Land\"},\"image\":{\"@id\":\"https:\\\/\\\/www.evangelisch-in-jerusalem.org\\\/#\\\/schema\\\/logo\\\/image\\\/\"},\"sameAs\":[\"https:\\\/\\\/www.facebook.com\\\/erloeserkirche.jerusalem\"]}]}<\/script>\n<!-- \/ Yoast SEO plugin. -->","yoast_head_json":{"title":"Filmabend - Evangelisch in Jerusalem","robots":{"index":"index","follow":"follow","max-snippet":"max-snippet:-1","max-image-preview":"max-image-preview:large","max-video-preview":"max-video-preview:-1"},"canonical":"https:\/\/www.evangelisch-in-jerusalem.org\/en\/events\/filmabend\/","og_locale":"en_GB","og_type":"article","og_title":"Filmabend - Evangelisch in Jerusalem","og_description":"Cinemateum Victoria Filmabend im Caf\u00e9 Auguste Victoria Samstag, 16. November, 19 Uhr Tel Aviv on Fire Ein Film von Sameh Zoabi,\u00a0Pal\u00e4stina 2018, 97 Minuten\u00a0(Arabisch, Hebr\u00e4isch mit deutschen UT) Salam hat ein Praktikum bei der erfolgreichen TV-Soap \u00abTel Aviv on Fire\u00bb angetreten. Um das Studio zu erreichen, muss er t\u00e4glich den Check-Point zwischen seinem Wohnort Jerusalem &hellip; Continue reading \"Filmabend\"","og_url":"https:\/\/www.evangelisch-in-jerusalem.org\/en\/events\/filmabend\/","og_site_name":"Evangelisch in Jerusalem","article_publisher":"https:\/\/www.facebook.com\/erloeserkirche.jerusalem","article_modified_time":"2019-10-29T19:19:54+00:00","twitter_card":"summary_large_image","twitter_misc":{"Estimated reading time":"1 minute"},"schema":{"@context":"https:\/\/schema.org","@graph":[{"@type":"WebPage","@id":"https:\/\/www.evangelisch-in-jerusalem.org\/events\/filmabend\/","url":"https:\/\/www.evangelisch-in-jerusalem.org\/events\/filmabend\/","name":"Filmabend - Evangelisch in Jerusalem","isPartOf":{"@id":"https:\/\/www.evangelisch-in-jerusalem.org\/#website"},"datePublished":"2019-10-29T19:19:06+00:00","dateModified":"2019-10-29T19:19:54+00:00","breadcrumb":{"@id":"https:\/\/www.evangelisch-in-jerusalem.org\/events\/filmabend\/#breadcrumb"},"inLanguage":"en-GB","potentialAction":[{"@type":"ReadAction","target":["https:\/\/www.evangelisch-in-jerusalem.org\/events\/filmabend\/"]}]},{"@type":"BreadcrumbList","@id":"https:\/\/www.evangelisch-in-jerusalem.org\/events\/filmabend\/#breadcrumb","itemListElement":[{"@type":"ListItem","position":1,"name":"Startseite","item":"https:\/\/www.evangelisch-in-jerusalem.org\/"},{"@type":"ListItem","position":2,"name":"Veranstaltungen","item":"https:\/\/www.evangelisch-in-jerusalem.org\/events\/"},{"@type":"ListItem","position":3,"name":"Filmabend"}]},{"@type":"WebSite","@id":"https:\/\/www.evangelisch-in-jerusalem.org\/#website","url":"https:\/\/www.evangelisch-in-jerusalem.org\/","name":"Evangelisch in Jerusalem","description":"German Protestant Institutions in the Holy Land","publisher":{"@id":"https:\/\/www.evangelisch-in-jerusalem.org\/#organization"},"potentialAction":[{"@type":"SearchAction","target":{"@type":"EntryPoint","urlTemplate":"https:\/\/www.evangelisch-in-jerusalem.org\/?s={search_term_string}"},"query-input":{"@type":"PropertyValueSpecification","valueRequired":true,"valueName":"search_term_string"}}],"inLanguage":"en-GB"},{"@type":"Organization","@id":"https:\/\/www.evangelisch-in-jerusalem.org\/#organization","name":"German Protestant Institutions in the Holy Land","url":"https:\/\/www.evangelisch-in-jerusalem.org\/","logo":{"@type":"ImageObject","inLanguage":"en-GB","@id":"https:\/\/www.evangelisch-in-jerusalem.org\/#\/schema\/logo\/image\/","url":"https:\/\/www.evangelisch-in-jerusalem.org\/wp-content\/uploads\/2019\/03\/EIJ_Logo_500-px.png","contentUrl":"https:\/\/www.evangelisch-in-jerusalem.org\/wp-content\/uploads\/2019\/03\/EIJ_Logo_500-px.png","width":500,"height":82,"caption":"German Protestant Institutions in the Holy Land"},"image":{"@id":"https:\/\/www.evangelisch-in-jerusalem.org\/#\/schema\/logo\/image\/"},"sameAs":["https:\/\/www.facebook.com\/erloeserkirche.jerusalem"]}]}},"_links":{"self":[{"href":"https:\/\/www.evangelisch-in-jerusalem.org\/en\/wp-json\/wp\/v2\/mec-events\/2385","targetHints":{"allow":["GET"]}}],"collection":[{"href":"https:\/\/www.evangelisch-in-jerusalem.org\/en\/wp-json\/wp\/v2\/mec-events"}],"about":[{"href":"https:\/\/www.evangelisch-in-jerusalem.org\/en\/wp-json\/wp\/v2\/types\/mec-events"}],"author":[{"embeddable":true,"href":"https:\/\/www.evangelisch-in-jerusalem.org\/en\/wp-json\/wp\/v2\/users\/2"}],"replies":[{"embeddable":true,"href":"https:\/\/www.evangelisch-in-jerusalem.org\/en\/wp-json\/wp\/v2\/comments?post=2385"}],"version-history":[{"count":2,"href":"https:\/\/www.evangelisch-in-jerusalem.org\/en\/wp-json\/wp\/v2\/mec-events\/2385\/revisions"}],"predecessor-version":[{"id":2387,"href":"https:\/\/www.evangelisch-in-jerusalem.org\/en\/wp-json\/wp\/v2\/mec-events\/2385\/revisions\/2387"}],"wp:attachment":[{"href":"https:\/\/www.evangelisch-in-jerusalem.org\/en\/wp-json\/wp\/v2\/media?parent=2385"}],"wp:term":[{"taxonomy":"post_tag","embeddable":true,"href":"https:\/\/www.evangelisch-in-jerusalem.org\/en\/wp-json\/wp\/v2\/tags?post=2385"},{"taxonomy":"mec_category","embeddable":true,"href":"https:\/\/www.evangelisch-in-jerusalem.org\/en\/wp-json\/wp\/v2\/mec_category?post=2385"}],"curies":[{"name":"wp","href":"https:\/\/api.w.org\/{rel}","templated":true}]}}

<p>Cinemateum Victoria<br />
Filmabend im Café Auguste Victoria<br />
Samstag, 16. November, 19 Uhr<br />
Tel Aviv on Fire<br />
Ein Film von Sameh Zoabi, Palästina 2018, 97 Minuten (Arabisch, Hebräisch mit deutschen UT)<br />
Salam hat ein Praktikum bei der erfolgreichen TV-Soap «Tel Aviv on Fire» angetreten. Um das Studio zu erreichen, muss er täglich den Check-Point zwischen seinem Wohnort Jerusalem und Ramallah passieren. Dort trifft er auf Assi, den israelischen Chef des Grenzübergangs, der nicht schlecht staunt, einem Macher der Lieblingsserie seiner Frau gegenüberzustehen. Sameh Zoabi entwickelt aus dieser Anlage eine herrliche Komödie, die genussvoll zwischen dem Schein der Serie und der Wirklichkeit pendelt.<br />
Der Filmabend findet im Café Auguste Victoria auf dem Gelände der Kaiserin Auguste Victoria-Stiftung statt. Der Eintritt ist frei.</p>

<p>Cinemateum Victoria Filmabend im Café Auguste Victoria Samstag, 16. November, 19 Uhr Tel Aviv on Fire Ein Film von Sameh Zoabi, Palästina 2018, 97 Minuten (Arabisch, Hebräisch mit deutschen UT) Salam hat ein Praktikum bei der erfolgreichen TV-Soap «Tel Aviv on Fire» angetreten. Um das Studio zu erreichen, muss er täglich den Check-Point zwischen seinem Wohnort Jerusalem &hellip; </p>
<p class="link-more"><a href="https://www.evangelisch-in-jerusalem.org/en/events/filmabend/" class="more-link">Continue reading<span class="screen-reader-text"> &#8220;Filmabend&#8221;</span></a></p>

<!-- This site is optimized with the Yoast SEO plugin v27.4 - https://yoast.com/product/yoast-seo-wordpress/ -->
<title>Filmabend - Evangelisch in Jerusalem</title>
<meta name="robots" content="index, follow, max-snippet:-1, max-image-preview:large, max-video-preview:-1" />
<link rel="canonical" href="https://www.evangelisch-in-jerusalem.org/en/events/filmabend/" />
<meta property="og:locale" content="en_GB" />
<meta property="og:type" content="article" />
<meta property="og:title" content="Filmabend - Evangelisch in Jerusalem" />
<meta property="og:description" content="Cinemateum Victoria Filmabend im Café Auguste Victoria Samstag, 16. November, 19 Uhr Tel Aviv on Fire Ein Film von Sameh Zoabi, Palästina 2018, 97 Minuten (Arabisch, Hebräisch mit deutschen UT) Salam hat ein Praktikum bei der erfolgreichen TV-Soap «Tel Aviv on Fire» angetreten. Um das Studio zu erreichen, muss er täglich den Check-Point zwischen seinem Wohnort Jerusalem &hellip; Continue reading &quot;Filmabend&quot;" />
<meta property="og:url" content="https://www.evangelisch-in-jerusalem.org/en/events/filmabend/" />
<meta property="og:site_name" content="Evangelisch in Jerusalem" />
<meta property="article:publisher" content="https://www.facebook.com/erloeserkirche.jerusalem" />
<meta property="article:modified_time" content="2019-10-29T19:19:54+00:00" />
<meta name="twitter:card" content="summary_large_image" />
<meta name="twitter:label1" content="Estimated reading time" />
	<meta name="twitter:data1" content="1 minute" />
<script type="application/ld+json" class="yoast-schema-graph">{"@context":"https:\/\/schema.org","@graph":[{"@type":"WebPage","@id":"https:\/\/www.evangelisch-in-jerusalem.org\/events\/filmabend\/","url":"https:\/\/www.evangelisch-in-jerusalem.org\/events\/filmabend\/","name":"Filmabend - Evangelisch in Jerusalem","isPartOf":{"@id":"https:\/\/www.evangelisch-in-jerusalem.org\/#website"},"datePublished":"2019-10-29T19:19:06+00:00","dateModified":"2019-10-29T19:19:54+00:00","breadcrumb":{"@id":"https:\/\/www.evangelisch-in-jerusalem.org\/events\/filmabend\/#breadcrumb"},"inLanguage":"en-GB","potentialAction":[{"@type":"ReadAction","target":["https:\/\/www.evangelisch-in-jerusalem.org\/events\/filmabend\/"]}]},{"@type":"BreadcrumbList","@id":"https:\/\/www.evangelisch-in-jerusalem.org\/events\/filmabend\/#breadcrumb","itemListElement":[{"@type":"ListItem","position":1,"name":"Startseite","item":"https:\/\/www.evangelisch-in-jerusalem.org\/"},{"@type":"ListItem","position":2,"name":"Veranstaltungen","item":"https:\/\/www.evangelisch-in-jerusalem.org\/events\/"},{"@type":"ListItem","position":3,"name":"Filmabend"}]},{"@type":"WebSite","@id":"https:\/\/www.evangelisch-in-jerusalem.org\/#website","url":"https:\/\/www.evangelisch-in-jerusalem.org\/","name":"Evangelisch in Jerusalem","description":"Stiftungen der EKD im Heiligen Land","publisher":{"@id":"https:\/\/www.evangelisch-in-jerusalem.org\/#organization"},"potentialAction":[{"@type":"SearchAction","target":{"@type":"EntryPoint","urlTemplate":"https:\/\/www.evangelisch-in-jerusalem.org\/?s={search_term_string}"},"query-input":{"@type":"PropertyValueSpecification","valueRequired":true,"valueName":"search_term_string"}}],"inLanguage":"en-GB"},{"@type":"Organization","@id":"https:\/\/www.evangelisch-in-jerusalem.org\/#organization","name":"German Protestant Institutions in the Holy Land","url":"https:\/\/www.evangelisch-in-jerusalem.org\/","logo":{"@type":"ImageObject","inLanguage":"en-GB","@id":"https:\/\/www.evangelisch-in-jerusalem.org\/#\/schema\/logo\/image\/","url":"https:\/\/www.evangelisch-in-jerusalem.org\/wp-content\/uploads\/2019\/03\/EIJ_Logo_500-px.png","contentUrl":"https:\/\/www.evangelisch-in-jerusalem.org\/wp-content\/uploads\/2019\/03\/EIJ_Logo_500-px.png","width":500,"height":82,"caption":"German Protestant Institutions in the Holy Land"},"image":{"@id":"https:\/\/www.evangelisch-in-jerusalem.org\/#\/schema\/logo\/image\/"},"sameAs":["https:\/\/www.facebook.com\/erloeserkirche.jerusalem"]}]}</script>
<!-- / Yoast SEO plugin. -->

Cinemateum Victoria Filmabend im Café Auguste Victoria Samstag, 16. November, 19 Uhr Tel Aviv on Fire Ein Film von Sameh Zoabi, Palästina 2018, 97 Minuten (Arabisch, Hebräisch mit deutschen UT) Salam hat ein Praktikum bei der erfolgreichen TV-Soap «Tel Aviv on Fire» angetreten. Um das Studio zu erreichen, muss er täglich den Check-Point zwischen seinem Wohnort Jerusalem &hellip; Continue reading "Filmabend"
