{"id":1968,"date":"2019-09-02T10:35:46","date_gmt":"2019-09-02T08:35:46","guid":{"rendered":"http:\/\/www.evangelisch-in-jerusalem.org\/?post_type=mec-events&#038;p=1968"},"modified":"2019-09-03T15:25:36","modified_gmt":"2019-09-03T13:25:36","slug":"ausruhe-tag","status":"publish","type":"mec-events","link":"https:\/\/www.evangelisch-in-jerusalem.org\/en\/events\/ausruhe-tag\/","title":{"rendered":"Gemeindeabend"},"content":{"rendered":"<p><img fetchpriority=\"high\" decoding=\"async\" class=\"aligncenter wp-image-2271 size-large\" src=\"http:\/\/www.evangelisch-in-jerusalem.org\/wp-content\/uploads\/2019\/07\/Impressionen-Cafe-von-au\u00dfen-0267-1024x683.jpg\" alt=\"\" width=\"640\" height=\"427\" srcset=\"https:\/\/www.evangelisch-in-jerusalem.org\/wp-content\/uploads\/2019\/07\/Impressionen-Cafe-von-au\u00dfen-0267-1024x683.jpg 1024w, https:\/\/www.evangelisch-in-jerusalem.org\/wp-content\/uploads\/2019\/07\/Impressionen-Cafe-von-au\u00dfen-0267-300x200.jpg 300w, https:\/\/www.evangelisch-in-jerusalem.org\/wp-content\/uploads\/2019\/07\/Impressionen-Cafe-von-au\u00dfen-0267-768x512.jpg 768w, https:\/\/www.evangelisch-in-jerusalem.org\/wp-content\/uploads\/2019\/07\/Impressionen-Cafe-von-au\u00dfen-0267-391x260.jpg 391w, https:\/\/www.evangelisch-in-jerusalem.org\/wp-content\/uploads\/2019\/07\/Impressionen-Cafe-von-au\u00dfen-0267-1568x1045.jpg 1568w, https:\/\/www.evangelisch-in-jerusalem.org\/wp-content\/uploads\/2019\/07\/Impressionen-Cafe-von-au\u00dfen-0267.jpg 1920w\" sizes=\"(max-width: 640px) 100vw, 640px\" \/><\/p>\n<p>Begr\u00fc\u00dfungsabend f\u00fcr alle \u201eNeuen und Alten\u201c nach der Sommerpause im Kreuzgang der Propstei bei Sommerbowle und Gespr\u00e4chen<\/p>","protected":false},"excerpt":{"rendered":"<p>Begr\u00fc\u00dfungsabend f\u00fcr alle \u201eNeuen und Alten\u201c nach der Sommerpause im Kreuzgang der Propstei bei Sommerbowle und Gespr\u00e4chen<\/p>","protected":false},"author":1,"featured_media":2271,"comment_status":"closed","ping_status":"closed","template":"","tags":[92],"mec_category":[96],"class_list":["post-1968","mec-events","type-mec-events","status-publish","has-post-thumbnail","hentry","tag-erholung","mec_category-gemeindeabend","entry"],"yoast_head":"<!-- This site is optimized with the Yoast SEO plugin v27.4 - https:\/\/yoast.com\/product\/yoast-seo-wordpress\/ -->\n<title>Gemeindeabend - Evangelisch in Jerusalem<\/title>\n<meta name=\"robots\" content=\"index, follow, max-snippet:-1, max-image-preview:large, max-video-preview:-1\" \/>\n<link rel=\"canonical\" href=\"https:\/\/www.evangelisch-in-jerusalem.org\/en\/events\/ausruhe-tag\/\" \/>\n<meta property=\"og:locale\" content=\"en_GB\" \/>\n<meta property=\"og:type\" content=\"article\" \/>\n<meta property=\"og:title\" content=\"Gemeindeabend - Evangelisch in Jerusalem\" \/>\n<meta property=\"og:description\" content=\"Begr\u00fc\u00dfungsabend f\u00fcr alle \u201eNeuen und Alten\u201c nach der Sommerpause im Kreuzgang der Propstei bei Sommerbowle und Gespr\u00e4chen\" \/>\n<meta property=\"og:url\" content=\"https:\/\/www.evangelisch-in-jerusalem.org\/en\/events\/ausruhe-tag\/\" \/>\n<meta property=\"og:site_name\" content=\"Evangelisch in Jerusalem\" \/>\n<meta property=\"article:publisher\" content=\"https:\/\/www.facebook.com\/erloeserkirche.jerusalem\" \/>\n<meta property=\"article:modified_time\" content=\"2019-09-03T13:25:36+00:00\" \/>\n<meta property=\"og:image\" content=\"https:\/\/www.evangelisch-in-jerusalem.org\/wp-content\/uploads\/2019\/07\/Impressionen-Cafe-von-au\u00dfen-0267.jpg\" \/>\n\t<meta property=\"og:image:width\" content=\"1920\" \/>\n\t<meta property=\"og:image:height\" content=\"1280\" \/>\n\t<meta property=\"og:image:type\" content=\"image\/jpeg\" \/>\n<meta name=\"twitter:card\" content=\"summary_large_image\" \/>\n<script type=\"application\/ld+json\" class=\"yoast-schema-graph\">{\"@context\":\"https:\\\/\\\/schema.org\",\"@graph\":[{\"@type\":\"WebPage\",\"@id\":\"https:\\\/\\\/www.evangelisch-in-jerusalem.org\\\/events\\\/ausruhe-tag\\\/\",\"url\":\"https:\\\/\\\/www.evangelisch-in-jerusalem.org\\\/events\\\/ausruhe-tag\\\/\",\"name\":\"Gemeindeabend - Evangelisch in Jerusalem\",\"isPartOf\":{\"@id\":\"https:\\\/\\\/www.evangelisch-in-jerusalem.org\\\/#website\"},\"primaryImageOfPage\":{\"@id\":\"https:\\\/\\\/www.evangelisch-in-jerusalem.org\\\/events\\\/ausruhe-tag\\\/#primaryimage\"},\"image\":{\"@id\":\"https:\\\/\\\/www.evangelisch-in-jerusalem.org\\\/events\\\/ausruhe-tag\\\/#primaryimage\"},\"thumbnailUrl\":\"https:\\\/\\\/www.evangelisch-in-jerusalem.org\\\/wp-content\\\/uploads\\\/2019\\\/07\\\/Impressionen-Cafe-von-au\u00dfen-0267.jpg\",\"datePublished\":\"2019-09-02T08:35:46+00:00\",\"dateModified\":\"2019-09-03T13:25:36+00:00\",\"breadcrumb\":{\"@id\":\"https:\\\/\\\/www.evangelisch-in-jerusalem.org\\\/events\\\/ausruhe-tag\\\/#breadcrumb\"},\"inLanguage\":\"en-GB\",\"potentialAction\":[{\"@type\":\"ReadAction\",\"target\":[\"https:\\\/\\\/www.evangelisch-in-jerusalem.org\\\/events\\\/ausruhe-tag\\\/\"]}]},{\"@type\":\"ImageObject\",\"inLanguage\":\"en-GB\",\"@id\":\"https:\\\/\\\/www.evangelisch-in-jerusalem.org\\\/events\\\/ausruhe-tag\\\/#primaryimage\",\"url\":\"https:\\\/\\\/www.evangelisch-in-jerusalem.org\\\/wp-content\\\/uploads\\\/2019\\\/07\\\/Impressionen-Cafe-von-au\u00dfen-0267.jpg\",\"contentUrl\":\"https:\\\/\\\/www.evangelisch-in-jerusalem.org\\\/wp-content\\\/uploads\\\/2019\\\/07\\\/Impressionen-Cafe-von-au\u00dfen-0267.jpg\",\"width\":1920,\"height\":1280},{\"@type\":\"BreadcrumbList\",\"@id\":\"https:\\\/\\\/www.evangelisch-in-jerusalem.org\\\/events\\\/ausruhe-tag\\\/#breadcrumb\",\"itemListElement\":[{\"@type\":\"ListItem\",\"position\":1,\"name\":\"Startseite\",\"item\":\"https:\\\/\\\/www.evangelisch-in-jerusalem.org\\\/\"},{\"@type\":\"ListItem\",\"position\":2,\"name\":\"Veranstaltungen\",\"item\":\"https:\\\/\\\/www.evangelisch-in-jerusalem.org\\\/events\\\/\"},{\"@type\":\"ListItem\",\"position\":3,\"name\":\"Gemeindeabend\"}]},{\"@type\":\"WebSite\",\"@id\":\"https:\\\/\\\/www.evangelisch-in-jerusalem.org\\\/#website\",\"url\":\"https:\\\/\\\/www.evangelisch-in-jerusalem.org\\\/\",\"name\":\"Evangelisch in Jerusalem\",\"description\":\"Stiftungen der EKD im Heiligen Land\",\"publisher\":{\"@id\":\"https:\\\/\\\/www.evangelisch-in-jerusalem.org\\\/#organization\"},\"potentialAction\":[{\"@type\":\"SearchAction\",\"target\":{\"@type\":\"EntryPoint\",\"urlTemplate\":\"https:\\\/\\\/www.evangelisch-in-jerusalem.org\\\/?s={search_term_string}\"},\"query-input\":{\"@type\":\"PropertyValueSpecification\",\"valueRequired\":true,\"valueName\":\"search_term_string\"}}],\"inLanguage\":\"en-GB\"},{\"@type\":\"Organization\",\"@id\":\"https:\\\/\\\/www.evangelisch-in-jerusalem.org\\\/#organization\",\"name\":\"German Protestant Institutions in the Holy Land\",\"url\":\"https:\\\/\\\/www.evangelisch-in-jerusalem.org\\\/\",\"logo\":{\"@type\":\"ImageObject\",\"inLanguage\":\"en-GB\",\"@id\":\"https:\\\/\\\/www.evangelisch-in-jerusalem.org\\\/#\\\/schema\\\/logo\\\/image\\\/\",\"url\":\"https:\\\/\\\/www.evangelisch-in-jerusalem.org\\\/wp-content\\\/uploads\\\/2019\\\/03\\\/EIJ_Logo_500-px.png\",\"contentUrl\":\"https:\\\/\\\/www.evangelisch-in-jerusalem.org\\\/wp-content\\\/uploads\\\/2019\\\/03\\\/EIJ_Logo_500-px.png\",\"width\":500,\"height\":82,\"caption\":\"German Protestant Institutions in the Holy Land\"},\"image\":{\"@id\":\"https:\\\/\\\/www.evangelisch-in-jerusalem.org\\\/#\\\/schema\\\/logo\\\/image\\\/\"},\"sameAs\":[\"https:\\\/\\\/www.facebook.com\\\/erloeserkirche.jerusalem\"]}]}<\/script>\n<!-- \/ Yoast SEO plugin. -->","yoast_head_json":{"title":"Gemeindeabend - Evangelisch in Jerusalem","robots":{"index":"index","follow":"follow","max-snippet":"max-snippet:-1","max-image-preview":"max-image-preview:large","max-video-preview":"max-video-preview:-1"},"canonical":"https:\/\/www.evangelisch-in-jerusalem.org\/en\/events\/ausruhe-tag\/","og_locale":"en_GB","og_type":"article","og_title":"Gemeindeabend - Evangelisch in Jerusalem","og_description":"Begr\u00fc\u00dfungsabend f\u00fcr alle \u201eNeuen und Alten\u201c nach der Sommerpause im Kreuzgang der Propstei bei Sommerbowle und Gespr\u00e4chen","og_url":"https:\/\/www.evangelisch-in-jerusalem.org\/en\/events\/ausruhe-tag\/","og_site_name":"Evangelisch in Jerusalem","article_publisher":"https:\/\/www.facebook.com\/erloeserkirche.jerusalem","article_modified_time":"2019-09-03T13:25:36+00:00","og_image":[{"width":1920,"height":1280,"url":"https:\/\/www.evangelisch-in-jerusalem.org\/wp-content\/uploads\/2019\/07\/Impressionen-Cafe-von-au\u00dfen-0267.jpg","type":"image\/jpeg"}],"twitter_card":"summary_large_image","schema":{"@context":"https:\/\/schema.org","@graph":[{"@type":"WebPage","@id":"https:\/\/www.evangelisch-in-jerusalem.org\/events\/ausruhe-tag\/","url":"https:\/\/www.evangelisch-in-jerusalem.org\/events\/ausruhe-tag\/","name":"Gemeindeabend - Evangelisch in Jerusalem","isPartOf":{"@id":"https:\/\/www.evangelisch-in-jerusalem.org\/#website"},"primaryImageOfPage":{"@id":"https:\/\/www.evangelisch-in-jerusalem.org\/events\/ausruhe-tag\/#primaryimage"},"image":{"@id":"https:\/\/www.evangelisch-in-jerusalem.org\/events\/ausruhe-tag\/#primaryimage"},"thumbnailUrl":"https:\/\/www.evangelisch-in-jerusalem.org\/wp-content\/uploads\/2019\/07\/Impressionen-Cafe-von-au\u00dfen-0267.jpg","datePublished":"2019-09-02T08:35:46+00:00","dateModified":"2019-09-03T13:25:36+00:00","breadcrumb":{"@id":"https:\/\/www.evangelisch-in-jerusalem.org\/events\/ausruhe-tag\/#breadcrumb"},"inLanguage":"en-GB","potentialAction":[{"@type":"ReadAction","target":["https:\/\/www.evangelisch-in-jerusalem.org\/events\/ausruhe-tag\/"]}]},{"@type":"ImageObject","inLanguage":"en-GB","@id":"https:\/\/www.evangelisch-in-jerusalem.org\/events\/ausruhe-tag\/#primaryimage","url":"https:\/\/www.evangelisch-in-jerusalem.org\/wp-content\/uploads\/2019\/07\/Impressionen-Cafe-von-au\u00dfen-0267.jpg","contentUrl":"https:\/\/www.evangelisch-in-jerusalem.org\/wp-content\/uploads\/2019\/07\/Impressionen-Cafe-von-au\u00dfen-0267.jpg","width":1920,"height":1280},{"@type":"BreadcrumbList","@id":"https:\/\/www.evangelisch-in-jerusalem.org\/events\/ausruhe-tag\/#breadcrumb","itemListElement":[{"@type":"ListItem","position":1,"name":"Startseite","item":"https:\/\/www.evangelisch-in-jerusalem.org\/"},{"@type":"ListItem","position":2,"name":"Veranstaltungen","item":"https:\/\/www.evangelisch-in-jerusalem.org\/events\/"},{"@type":"ListItem","position":3,"name":"Gemeindeabend"}]},{"@type":"WebSite","@id":"https:\/\/www.evangelisch-in-jerusalem.org\/#website","url":"https:\/\/www.evangelisch-in-jerusalem.org\/","name":"Evangelisch in Jerusalem","description":"German Protestant Institutions in the Holy Land","publisher":{"@id":"https:\/\/www.evangelisch-in-jerusalem.org\/#organization"},"potentialAction":[{"@type":"SearchAction","target":{"@type":"EntryPoint","urlTemplate":"https:\/\/www.evangelisch-in-jerusalem.org\/?s={search_term_string}"},"query-input":{"@type":"PropertyValueSpecification","valueRequired":true,"valueName":"search_term_string"}}],"inLanguage":"en-GB"},{"@type":"Organization","@id":"https:\/\/www.evangelisch-in-jerusalem.org\/#organization","name":"German Protestant Institutions in the Holy Land","url":"https:\/\/www.evangelisch-in-jerusalem.org\/","logo":{"@type":"ImageObject","inLanguage":"en-GB","@id":"https:\/\/www.evangelisch-in-jerusalem.org\/#\/schema\/logo\/image\/","url":"https:\/\/www.evangelisch-in-jerusalem.org\/wp-content\/uploads\/2019\/03\/EIJ_Logo_500-px.png","contentUrl":"https:\/\/www.evangelisch-in-jerusalem.org\/wp-content\/uploads\/2019\/03\/EIJ_Logo_500-px.png","width":500,"height":82,"caption":"German Protestant Institutions in the Holy Land"},"image":{"@id":"https:\/\/www.evangelisch-in-jerusalem.org\/#\/schema\/logo\/image\/"},"sameAs":["https:\/\/www.facebook.com\/erloeserkirche.jerusalem"]}]}},"_links":{"self":[{"href":"https:\/\/www.evangelisch-in-jerusalem.org\/en\/wp-json\/wp\/v2\/mec-events\/1968","targetHints":{"allow":["GET"]}}],"collection":[{"href":"https:\/\/www.evangelisch-in-jerusalem.org\/en\/wp-json\/wp\/v2\/mec-events"}],"about":[{"href":"https:\/\/www.evangelisch-in-jerusalem.org\/en\/wp-json\/wp\/v2\/types\/mec-events"}],"author":[{"embeddable":true,"href":"https:\/\/www.evangelisch-in-jerusalem.org\/en\/wp-json\/wp\/v2\/users\/1"}],"replies":[{"embeddable":true,"href":"https:\/\/www.evangelisch-in-jerusalem.org\/en\/wp-json\/wp\/v2\/comments?post=1968"}],"version-history":[{"count":2,"href":"https:\/\/www.evangelisch-in-jerusalem.org\/en\/wp-json\/wp\/v2\/mec-events\/1968\/revisions"}],"predecessor-version":[{"id":2272,"href":"https:\/\/www.evangelisch-in-jerusalem.org\/en\/wp-json\/wp\/v2\/mec-events\/1968\/revisions\/2272"}],"wp:featuredmedia":[{"embeddable":true,"href":"https:\/\/www.evangelisch-in-jerusalem.org\/en\/wp-json\/wp\/v2\/media\/2271"}],"wp:attachment":[{"href":"https:\/\/www.evangelisch-in-jerusalem.org\/en\/wp-json\/wp\/v2\/media?parent=1968"}],"wp:term":[{"taxonomy":"post_tag","embeddable":true,"href":"https:\/\/www.evangelisch-in-jerusalem.org\/en\/wp-json\/wp\/v2\/tags?post=1968"},{"taxonomy":"mec_category","embeddable":true,"href":"https:\/\/www.evangelisch-in-jerusalem.org\/en\/wp-json\/wp\/v2\/mec_category?post=1968"}],"curies":[{"name":"wp","href":"https:\/\/api.w.org\/{rel}","templated":true}]}}

<p><img fetchpriority="high" decoding="async" class="aligncenter wp-image-2271 size-large" src="http://www.evangelisch-in-jerusalem.org/wp-content/uploads/2019/07/Impressionen-Cafe-von-außen-0267-1024x683.jpg" alt="" width="640" height="427" srcset="https://www.evangelisch-in-jerusalem.org/wp-content/uploads/2019/07/Impressionen-Cafe-von-außen-0267-1024x683.jpg 1024w, https://www.evangelisch-in-jerusalem.org/wp-content/uploads/2019/07/Impressionen-Cafe-von-außen-0267-300x200.jpg 300w, https://www.evangelisch-in-jerusalem.org/wp-content/uploads/2019/07/Impressionen-Cafe-von-außen-0267-768x512.jpg 768w, https://www.evangelisch-in-jerusalem.org/wp-content/uploads/2019/07/Impressionen-Cafe-von-außen-0267-391x260.jpg 391w, https://www.evangelisch-in-jerusalem.org/wp-content/uploads/2019/07/Impressionen-Cafe-von-außen-0267-1568x1045.jpg 1568w, https://www.evangelisch-in-jerusalem.org/wp-content/uploads/2019/07/Impressionen-Cafe-von-außen-0267.jpg 1920w" sizes="(max-width: 640px) 100vw, 640px" /></p>
<p>Begrüßungsabend für alle „Neuen und Alten“ nach der Sommerpause im Kreuzgang der Propstei bei Sommerbowle und Gesprächen</p>

<p>Begrüßungsabend für alle „Neuen und Alten“ nach der Sommerpause im Kreuzgang der Propstei bei Sommerbowle und Gesprächen</p>

<!-- This site is optimized with the Yoast SEO plugin v27.4 - https://yoast.com/product/yoast-seo-wordpress/ -->
<title>Gemeindeabend - Evangelisch in Jerusalem</title>
<meta name="robots" content="index, follow, max-snippet:-1, max-image-preview:large, max-video-preview:-1" />
<link rel="canonical" href="https://www.evangelisch-in-jerusalem.org/en/events/ausruhe-tag/" />
<meta property="og:locale" content="en_GB" />
<meta property="og:type" content="article" />
<meta property="og:title" content="Gemeindeabend - Evangelisch in Jerusalem" />
<meta property="og:description" content="Begrüßungsabend für alle „Neuen und Alten“ nach der Sommerpause im Kreuzgang der Propstei bei Sommerbowle und Gesprächen" />
<meta property="og:url" content="https://www.evangelisch-in-jerusalem.org/en/events/ausruhe-tag/" />
<meta property="og:site_name" content="Evangelisch in Jerusalem" />
<meta property="article:publisher" content="https://www.facebook.com/erloeserkirche.jerusalem" />
<meta property="article:modified_time" content="2019-09-03T13:25:36+00:00" />
<meta property="og:image" content="https://www.evangelisch-in-jerusalem.org/wp-content/uploads/2019/07/Impressionen-Cafe-von-außen-0267.jpg" />
	<meta property="og:image:width" content="1920" />
	<meta property="og:image:height" content="1280" />
	<meta property="og:image:type" content="image/jpeg" />
<meta name="twitter:card" content="summary_large_image" />
<script type="application/ld+json" class="yoast-schema-graph">{"@context":"https:\/\/schema.org","@graph":[{"@type":"WebPage","@id":"https:\/\/www.evangelisch-in-jerusalem.org\/events\/ausruhe-tag\/","url":"https:\/\/www.evangelisch-in-jerusalem.org\/events\/ausruhe-tag\/","name":"Gemeindeabend - Evangelisch in Jerusalem","isPartOf":{"@id":"https:\/\/www.evangelisch-in-jerusalem.org\/#website"},"primaryImageOfPage":{"@id":"https:\/\/www.evangelisch-in-jerusalem.org\/events\/ausruhe-tag\/#primaryimage"},"image":{"@id":"https:\/\/www.evangelisch-in-jerusalem.org\/events\/ausruhe-tag\/#primaryimage"},"thumbnailUrl":"https:\/\/www.evangelisch-in-jerusalem.org\/wp-content\/uploads\/2019\/07\/Impressionen-Cafe-von-außen-0267.jpg","datePublished":"2019-09-02T08:35:46+00:00","dateModified":"2019-09-03T13:25:36+00:00","breadcrumb":{"@id":"https:\/\/www.evangelisch-in-jerusalem.org\/events\/ausruhe-tag\/#breadcrumb"},"inLanguage":"en-GB","potentialAction":[{"@type":"ReadAction","target":["https:\/\/www.evangelisch-in-jerusalem.org\/events\/ausruhe-tag\/"]}]},{"@type":"ImageObject","inLanguage":"en-GB","@id":"https:\/\/www.evangelisch-in-jerusalem.org\/events\/ausruhe-tag\/#primaryimage","url":"https:\/\/www.evangelisch-in-jerusalem.org\/wp-content\/uploads\/2019\/07\/Impressionen-Cafe-von-außen-0267.jpg","contentUrl":"https:\/\/www.evangelisch-in-jerusalem.org\/wp-content\/uploads\/2019\/07\/Impressionen-Cafe-von-außen-0267.jpg","width":1920,"height":1280},{"@type":"BreadcrumbList","@id":"https:\/\/www.evangelisch-in-jerusalem.org\/events\/ausruhe-tag\/#breadcrumb","itemListElement":[{"@type":"ListItem","position":1,"name":"Startseite","item":"https:\/\/www.evangelisch-in-jerusalem.org\/"},{"@type":"ListItem","position":2,"name":"Veranstaltungen","item":"https:\/\/www.evangelisch-in-jerusalem.org\/events\/"},{"@type":"ListItem","position":3,"name":"Gemeindeabend"}]},{"@type":"WebSite","@id":"https:\/\/www.evangelisch-in-jerusalem.org\/#website","url":"https:\/\/www.evangelisch-in-jerusalem.org\/","name":"Evangelisch in Jerusalem","description":"Stiftungen der EKD im Heiligen Land","publisher":{"@id":"https:\/\/www.evangelisch-in-jerusalem.org\/#organization"},"potentialAction":[{"@type":"SearchAction","target":{"@type":"EntryPoint","urlTemplate":"https:\/\/www.evangelisch-in-jerusalem.org\/?s={search_term_string}"},"query-input":{"@type":"PropertyValueSpecification","valueRequired":true,"valueName":"search_term_string"}}],"inLanguage":"en-GB"},{"@type":"Organization","@id":"https:\/\/www.evangelisch-in-jerusalem.org\/#organization","name":"German Protestant Institutions in the Holy Land","url":"https:\/\/www.evangelisch-in-jerusalem.org\/","logo":{"@type":"ImageObject","inLanguage":"en-GB","@id":"https:\/\/www.evangelisch-in-jerusalem.org\/#\/schema\/logo\/image\/","url":"https:\/\/www.evangelisch-in-jerusalem.org\/wp-content\/uploads\/2019\/03\/EIJ_Logo_500-px.png","contentUrl":"https:\/\/www.evangelisch-in-jerusalem.org\/wp-content\/uploads\/2019\/03\/EIJ_Logo_500-px.png","width":500,"height":82,"caption":"German Protestant Institutions in the Holy Land"},"image":{"@id":"https:\/\/www.evangelisch-in-jerusalem.org\/#\/schema\/logo\/image\/"},"sameAs":["https:\/\/www.facebook.com\/erloeserkirche.jerusalem"]}]}</script>
<!-- / Yoast SEO plugin. -->

Begrüßungsabend für alle „Neuen und Alten“ nach der Sommerpause im Kreuzgang der Propstei bei Sommerbowle und Gesprächen

https://www.evangelisch-in-jerusalem.org/wp-content/uploads/2019/07/Impressionen-Cafe-von-außen-0267.jpg
