{"version":"1.0","provider_name":"Evangelisch in Jerusalem","provider_url":"https:\/\/www.evangelisch-in-jerusalem.org\/en","author_name":"Joachim Lenz","author_url":"https:\/\/www.evangelisch-in-jerusalem.org\/en\/author\/propst-jl\/","title":"T\u00f6ne des Friedens. Brass4Peace in Concert. Festliches Bl\u00e4serkonzert in der Erl\u00f6serkirche - Evangelisch in Jerusalem","type":"rich","width":600,"height":338,"html":"<blockquote class=\"wp-embedded-content\" data-secret=\"nY7oDQm0es\"><a href=\"https:\/\/www.evangelisch-in-jerusalem.org\/en\/events\/toene-des-friedens-brass4peace-in-concert\/\">T\u00f6ne des Friedens. Brass4Peace in Concert. <br>Festliches Bl\u00e4serkonzert in der Erl\u00f6serkirche<\/a><\/blockquote><iframe sandbox=\"allow-scripts\" security=\"restricted\" src=\"https:\/\/www.evangelisch-in-jerusalem.org\/en\/events\/toene-des-friedens-brass4peace-in-concert\/embed\/#?secret=nY7oDQm0es\" width=\"600\" height=\"338\" title=\"&ldquo;T&ouml;ne des Friedens. Brass4Peace in Concert. &lt;br&gt;Festliches Bl&auml;serkonzert in der Erl&ouml;serkirche&rdquo; &mdash; Evangelisch in Jerusalem\" data-secret=\"nY7oDQm0es\" frameborder=\"0\" marginwidth=\"0\" marginheight=\"0\" scrolling=\"no\" class=\"wp-embedded-content\"><\/iframe><script>\n\/*! This file is auto-generated *\/\n!function(d,l){\"use strict\";l.querySelector&&d.addEventListener&&\"undefined\"!=typeof URL&&(d.wp=d.wp||{},d.wp.receiveEmbedMessage||(d.wp.receiveEmbedMessage=function(e){var t=e.data;if((t||t.secret||t.message||t.value)&&!\/[^a-zA-Z0-9]\/.test(t.secret)){for(var s,r,n,a=l.querySelectorAll('iframe[data-secret=\"'+t.secret+'\"]'),o=l.querySelectorAll('blockquote[data-secret=\"'+t.secret+'\"]'),c=new RegExp(\"^https?:$\",\"i\"),i=0;i<o.length;i++)o[i].style.display=\"none\";for(i=0;i<a.length;i++)s=a[i],e.source===s.contentWindow&&(s.removeAttribute(\"style\"),\"height\"===t.message?(1e3<(r=parseInt(t.value,10))?r=1e3:~~r<200&&(r=200),s.height=r):\"link\"===t.message&&(r=new URL(s.getAttribute(\"src\")),n=new URL(t.value),c.test(n.protocol))&&n.host===r.host&&l.activeElement===s&&(d.top.location.href=t.value))}},d.addEventListener(\"message\",d.wp.receiveEmbedMessage,!1),l.addEventListener(\"DOMContentLoaded\",function(){for(var e,t,s=l.querySelectorAll(\"iframe.wp-embedded-content\"),r=0;r<s.length;r++)(t=(e=s[r]).getAttribute(\"data-secret\"))||(t=Math.random().toString(36).substring(2,12),e.src+=\"#?secret=\"+t,e.setAttribute(\"data-secret\",t)),e.contentWindow.postMessage({message:\"ready\",secret:t},\"*\")},!1)))}(window,document);\n\/\/# sourceURL=https:\/\/www.evangelisch-in-jerusalem.org\/wp-includes\/js\/wp-embed.min.js\n<\/script>","thumbnail_url":"https:\/\/www.evangelisch-in-jerusalem.org\/wp-content\/uploads\/2023\/03\/Toene-des-Friedens-EPiD-scaled.jpg","thumbnail_width":2560,"thumbnail_height":923,"description":"Bl\u00e4serkonzert in der Erl\u00f6serkirche: Brass for Peace (Beit Jala) und der Bl\u00e4serchor des EPiD (Evangelischer Posaunendienst in Deutschland) musizieren unter der Leitung von Landesposaunenwart Traugott F\u00fcnfgeld."}

Töne des Friedens. Brass4Peace in Concert. Festliches Bläserkonzert in der Erlöserkirche - Evangelisch in Jerusalem

<blockquote class="wp-embedded-content" data-secret="nY7oDQm0es"><a href="https://www.evangelisch-in-jerusalem.org/en/events/toene-des-friedens-brass4peace-in-concert/">Töne des Friedens. Brass4Peace in Concert. <br>Festliches Bläserkonzert in der Erlöserkirche</a></blockquote><iframe sandbox="allow-scripts" security="restricted" src="https://www.evangelisch-in-jerusalem.org/en/events/toene-des-friedens-brass4peace-in-concert/embed/#?secret=nY7oDQm0es" width="600" height="338" title="&ldquo;T&ouml;ne des Friedens. Brass4Peace in Concert. &lt;br&gt;Festliches Bl&auml;serkonzert in der Erl&ouml;serkirche&rdquo; &mdash; Evangelisch in Jerusalem" data-secret="nY7oDQm0es" frameborder="0" marginwidth="0" marginheight="0" scrolling="no" class="wp-embedded-content"></iframe><script>
/*! This file is auto-generated */
!function(d,l){"use strict";l.querySelector&&d.addEventListener&&"undefined"!=typeof URL&&(d.wp=d.wp||{},d.wp.receiveEmbedMessage||(d.wp.receiveEmbedMessage=function(e){var t=e.data;if((t||t.secret||t.message||t.value)&&!/[^a-zA-Z0-9]/.test(t.secret)){for(var s,r,n,a=l.querySelectorAll('iframe[data-secret="'+t.secret+'"]'),o=l.querySelectorAll('blockquote[data-secret="'+t.secret+'"]'),c=new RegExp("^https?:$","i"),i=0;i<o.length;i++)o[i].style.display="none";for(i=0;i<a.length;i++)s=a[i],e.source===s.contentWindow&&(s.removeAttribute("style"),"height"===t.message?(1e3<(r=parseInt(t.value,10))?r=1e3:~~r<200&&(r=200),s.height=r):"link"===t.message&&(r=new URL(s.getAttribute("src")),n=new URL(t.value),c.test(n.protocol))&&n.host===r.host&&l.activeElement===s&&(d.top.location.href=t.value))}},d.addEventListener("message",d.wp.receiveEmbedMessage,!1),l.addEventListener("DOMContentLoaded",function(){for(var e,t,s=l.querySelectorAll("iframe.wp-embedded-content"),r=0;r<s.length;r++)(t=(e=s[r]).getAttribute("data-secret"))||(t=Math.random().toString(36).substring(2,12),e.src+="#?secret="+t,e.setAttribute("data-secret",t)),e.contentWindow.postMessage({message:"ready",secret:t},"*")},!1)))}(window,document);
//# sourceURL=https://www.evangelisch-in-jerusalem.org/wp-includes/js/wp-embed.min.js
</script>

Bläserkonzert in der Erlöserkirche: Brass for Peace (Beit Jala) und der Bläserchor des EPiD (Evangelischer Posaunendienst in Deutschland) musizieren unter der Leitung von Landesposaunenwart Traugott Fünfgeld.
