{"version":"1.0","provider_name":"Evangelisch in Jerusalem","provider_url":"https:\/\/www.evangelisch-in-jerusalem.org\/en","author_name":"Bilhan Rechtman","author_url":"https:\/\/www.evangelisch-in-jerusalem.org\/en\/author\/bilhan\/","title":"Filmabend im Caf\u00e9 Auguste Victoria - Evangelisch in Jerusalem","type":"rich","width":600,"height":338,"html":"<blockquote class=\"wp-embedded-content\" data-secret=\"uai7BCvSiW\"><a href=\"https:\/\/www.evangelisch-in-jerusalem.org\/en\/events\/filmabend-im-cafe-auguste-victoria\/\">Filmabend im Caf\u00e9 Auguste Victoria<\/a><\/blockquote><iframe sandbox=\"allow-scripts\" security=\"restricted\" src=\"https:\/\/www.evangelisch-in-jerusalem.org\/en\/events\/filmabend-im-cafe-auguste-victoria\/embed\/#?secret=uai7BCvSiW\" width=\"600\" height=\"338\" title=\"&#8220;Filmabend im Caf\u00e9 Auguste Victoria&#8221; &#8212; Evangelisch in Jerusalem\" data-secret=\"uai7BCvSiW\" frameborder=\"0\" marginwidth=\"0\" marginheight=\"0\" scrolling=\"no\" class=\"wp-embedded-content\"><\/iframe><script>\n\/*! This file is auto-generated *\/\n!function(d,l){\"use strict\";l.querySelector&&d.addEventListener&&\"undefined\"!=typeof URL&&(d.wp=d.wp||{},d.wp.receiveEmbedMessage||(d.wp.receiveEmbedMessage=function(e){var t=e.data;if((t||t.secret||t.message||t.value)&&!\/[^a-zA-Z0-9]\/.test(t.secret)){for(var s,r,n,a=l.querySelectorAll('iframe[data-secret=\"'+t.secret+'\"]'),o=l.querySelectorAll('blockquote[data-secret=\"'+t.secret+'\"]'),c=new RegExp(\"^https?:$\",\"i\"),i=0;i<o.length;i++)o[i].style.display=\"none\";for(i=0;i<a.length;i++)s=a[i],e.source===s.contentWindow&&(s.removeAttribute(\"style\"),\"height\"===t.message?(1e3<(r=parseInt(t.value,10))?r=1e3:~~r<200&&(r=200),s.height=r):\"link\"===t.message&&(r=new URL(s.getAttribute(\"src\")),n=new URL(t.value),c.test(n.protocol))&&n.host===r.host&&l.activeElement===s&&(d.top.location.href=t.value))}},d.addEventListener(\"message\",d.wp.receiveEmbedMessage,!1),l.addEventListener(\"DOMContentLoaded\",function(){for(var e,t,s=l.querySelectorAll(\"iframe.wp-embedded-content\"),r=0;r<s.length;r++)(t=(e=s[r]).getAttribute(\"data-secret\"))||(t=Math.random().toString(36).substring(2,12),e.src+=\"#?secret=\"+t,e.setAttribute(\"data-secret\",t)),e.contentWindow.postMessage({message:\"ready\",secret:t},\"*\")},!1)))}(window,document);\n\/\/# sourceURL=https:\/\/www.evangelisch-in-jerusalem.org\/wp-includes\/js\/wp-embed.min.js\n<\/script>","description":"The Chosen Juli &#8211; Filmabende im Caf\u00e9 Auguste Nun gibt es das Leben Jesu und die Evangelien auch seriell. Die 2019 erschienene erste Staffel von \u201eThe Chosen\u201c hat die Balance zwischen Intensit\u00e4t und religi\u00f6sen Kitsch bravour\u00f6s gehalten und erz\u00e4hlt die Ge-schichte eines zun\u00e4chst unscheinbaren Zimmermannes, der mehr und mehr mit seiner Botschaft von einem anderen &hellip; Continue reading \"\"","thumbnail_url":"https:\/\/www.evangelisch-in-jerusalem.org\/wp-content\/uploads\/2023\/06\/The-Chosen-002-scaled.jpg","thumbnail_width":1810,"thumbnail_height":2560}

Filmabend im Café Auguste Victoria - Evangelisch in Jerusalem

<blockquote class="wp-embedded-content" data-secret="uai7BCvSiW"><a href="https://www.evangelisch-in-jerusalem.org/en/events/filmabend-im-cafe-auguste-victoria/">Filmabend im Café Auguste Victoria</a></blockquote><iframe sandbox="allow-scripts" security="restricted" src="https://www.evangelisch-in-jerusalem.org/en/events/filmabend-im-cafe-auguste-victoria/embed/#?secret=uai7BCvSiW" width="600" height="338" title="&#8220;Filmabend im Café Auguste Victoria&#8221; &#8212; Evangelisch in Jerusalem" data-secret="uai7BCvSiW" frameborder="0" marginwidth="0" marginheight="0" scrolling="no" class="wp-embedded-content"></iframe><script>
/*! This file is auto-generated */
!function(d,l){"use strict";l.querySelector&&d.addEventListener&&"undefined"!=typeof URL&&(d.wp=d.wp||{},d.wp.receiveEmbedMessage||(d.wp.receiveEmbedMessage=function(e){var t=e.data;if((t||t.secret||t.message||t.value)&&!/[^a-zA-Z0-9]/.test(t.secret)){for(var s,r,n,a=l.querySelectorAll('iframe[data-secret="'+t.secret+'"]'),o=l.querySelectorAll('blockquote[data-secret="'+t.secret+'"]'),c=new RegExp("^https?:$","i"),i=0;i<o.length;i++)o[i].style.display="none";for(i=0;i<a.length;i++)s=a[i],e.source===s.contentWindow&&(s.removeAttribute("style"),"height"===t.message?(1e3<(r=parseInt(t.value,10))?r=1e3:~~r<200&&(r=200),s.height=r):"link"===t.message&&(r=new URL(s.getAttribute("src")),n=new URL(t.value),c.test(n.protocol))&&n.host===r.host&&l.activeElement===s&&(d.top.location.href=t.value))}},d.addEventListener("message",d.wp.receiveEmbedMessage,!1),l.addEventListener("DOMContentLoaded",function(){for(var e,t,s=l.querySelectorAll("iframe.wp-embedded-content"),r=0;r<s.length;r++)(t=(e=s[r]).getAttribute("data-secret"))||(t=Math.random().toString(36).substring(2,12),e.src+="#?secret="+t,e.setAttribute("data-secret",t)),e.contentWindow.postMessage({message:"ready",secret:t},"*")},!1)))}(window,document);
//# sourceURL=https://www.evangelisch-in-jerusalem.org/wp-includes/js/wp-embed.min.js
</script>

The Chosen Juli &#8211; Filmabende im Café Auguste Nun gibt es das Leben Jesu und die Evangelien auch seriell. Die 2019 erschienene erste Staffel von „The Chosen“ hat die Balance zwischen Intensität und religiösen Kitsch bravourös gehalten und erzählt die Ge-schichte eines zunächst unscheinbaren Zimmermannes, der mehr und mehr mit seiner Botschaft von einem anderen &hellip; Continue reading ""
