{"version":"1.0","provider_name":"Evangelisch in Jerusalem","provider_url":"https:\/\/www.evangelisch-in-jerusalem.org\/en","author_name":"Joachim Lenz","author_url":"https:\/\/www.evangelisch-in-jerusalem.org\/en\/author\/propst-jl\/","title":"Sommerpausein Jerusalem - Evangelisch in Jerusalem","type":"rich","width":600,"height":338,"html":"<blockquote class=\"wp-embedded-content\" data-secret=\"8nFLk3e3ZM\"><a href=\"https:\/\/www.evangelisch-in-jerusalem.org\/en\/2024\/06\/12\/sommerpausein-jerusalem\/\">Sommerpause<br>in Jerusalem<\/a><\/blockquote><iframe sandbox=\"allow-scripts\" security=\"restricted\" src=\"https:\/\/www.evangelisch-in-jerusalem.org\/en\/2024\/06\/12\/sommerpausein-jerusalem\/embed\/#?secret=8nFLk3e3ZM\" width=\"600\" height=\"338\" title=\"&ldquo;Sommerpause&lt;br&gt;in Jerusalem&rdquo; &mdash; Evangelisch in Jerusalem\" data-secret=\"8nFLk3e3ZM\" frameborder=\"0\" marginwidth=\"0\" marginheight=\"0\" scrolling=\"no\" class=\"wp-embedded-content\"><\/iframe><script>\n\/*! This file is auto-generated *\/\n!function(d,l){\"use strict\";l.querySelector&&d.addEventListener&&\"undefined\"!=typeof URL&&(d.wp=d.wp||{},d.wp.receiveEmbedMessage||(d.wp.receiveEmbedMessage=function(e){var t=e.data;if((t||t.secret||t.message||t.value)&&!\/[^a-zA-Z0-9]\/.test(t.secret)){for(var s,r,n,a=l.querySelectorAll('iframe[data-secret=\"'+t.secret+'\"]'),o=l.querySelectorAll('blockquote[data-secret=\"'+t.secret+'\"]'),c=new RegExp(\"^https?:$\",\"i\"),i=0;i<o.length;i++)o[i].style.display=\"none\";for(i=0;i<a.length;i++)s=a[i],e.source===s.contentWindow&&(s.removeAttribute(\"style\"),\"height\"===t.message?(1e3<(r=parseInt(t.value,10))?r=1e3:~~r<200&&(r=200),s.height=r):\"link\"===t.message&&(r=new URL(s.getAttribute(\"src\")),n=new URL(t.value),c.test(n.protocol))&&n.host===r.host&&l.activeElement===s&&(d.top.location.href=t.value))}},d.addEventListener(\"message\",d.wp.receiveEmbedMessage,!1),l.addEventListener(\"DOMContentLoaded\",function(){for(var e,t,s=l.querySelectorAll(\"iframe.wp-embedded-content\"),r=0;r<s.length;r++)(t=(e=s[r]).getAttribute(\"data-secret\"))||(t=Math.random().toString(36).substring(2,12),e.src+=\"#?secret=\"+t,e.setAttribute(\"data-secret\",t)),e.contentWindow.postMessage({message:\"ready\",secret:t},\"*\")},!1)))}(window,document);\n\/\/# sourceURL=https:\/\/www.evangelisch-in-jerusalem.org\/wp-includes\/js\/wp-embed.min.js\n<\/script>","thumbnail_url":"https:\/\/www.evangelisch-in-jerusalem.org\/wp-content\/uploads\/2023\/07\/Sommerpause-Schirme.jpg","thumbnail_width":1152,"thumbnail_height":864,"description":"Am Dienstag, 18. Juni, beginnt um 20 Uhr der vorerst letzte Gemeindeabend. Im Kreuzgang, bei Bowle und Knabbereien, blicken wir auf ein sehr schwieriges Jahr f\u00fcr das Heilige Land zur\u00fcck. Die Studierenden des Studienprogramm Studium in Israel werden das Gespr\u00e4ch mit ihren Impulsen beginnen. In den kommenden Sommerwochen ist dann weitgehend Pause in unserem Veranstaltungskalender. &hellip; Continue reading \"\""}

Am Dienstag, 18. Juni, beginnt um 20 Uhr der vorerst letzte Gemeindeabend. Im Kreuzgang, bei Bowle und Knabbereien, blicken wir auf ein sehr schwieriges Jahr für das Heilige Land zurück. Die Studierenden des Studienprogramm Studium in Israel werden das Gespräch mit ihren Impulsen beginnen. In den kommenden Sommerwochen ist dann weitgehend Pause in unserem Veranstaltungskalender. &hellip; Continue reading ""
