{"version":"1.0","provider_name":"Evangelisch in Jerusalem","provider_url":"https:\/\/www.evangelisch-in-jerusalem.org\/en","author_name":"Christoph M\u00fcller","author_url":"https:\/\/www.evangelisch-in-jerusalem.org\/en\/author\/cm-eij\/","title":"Gottesdienst zum 20.9.2020aus dem Kreuzgang der Erl\u00f6serkirche - Evangelisch in Jerusalem","type":"rich","width":600,"height":338,"html":"<blockquote class=\"wp-embedded-content\" data-secret=\"0proAwf182\"><a href=\"https:\/\/www.evangelisch-in-jerusalem.org\/en\/2020\/09\/24\/gottesdienst-vom-20-9-2020\/\">Gottesdienst zum 20.9.2020<br>aus dem Kreuzgang der Erl\u00f6serkirche<\/a><\/blockquote><iframe sandbox=\"allow-scripts\" security=\"restricted\" src=\"https:\/\/www.evangelisch-in-jerusalem.org\/en\/2020\/09\/24\/gottesdienst-vom-20-9-2020\/embed\/#?secret=0proAwf182\" width=\"600\" height=\"338\" title=\"&#8220;Gottesdienst zum 20.9.2020&lt;BR&gt;aus dem Kreuzgang der Erl\u00f6serkirche&#8221; &#8212; Evangelisch in Jerusalem\" data-secret=\"0proAwf182\" frameborder=\"0\" marginwidth=\"0\" marginheight=\"0\" scrolling=\"no\" class=\"wp-embedded-content\"><\/iframe><script>\n\/*! This file is auto-generated *\/\n!function(d,l){\"use strict\";l.querySelector&&d.addEventListener&&\"undefined\"!=typeof URL&&(d.wp=d.wp||{},d.wp.receiveEmbedMessage||(d.wp.receiveEmbedMessage=function(e){var t=e.data;if((t||t.secret||t.message||t.value)&&!\/[^a-zA-Z0-9]\/.test(t.secret)){for(var s,r,n,a=l.querySelectorAll('iframe[data-secret=\"'+t.secret+'\"]'),o=l.querySelectorAll('blockquote[data-secret=\"'+t.secret+'\"]'),c=new RegExp(\"^https?:$\",\"i\"),i=0;i<o.length;i++)o[i].style.display=\"none\";for(i=0;i<a.length;i++)s=a[i],e.source===s.contentWindow&&(s.removeAttribute(\"style\"),\"height\"===t.message?(1e3<(r=parseInt(t.value,10))?r=1e3:~~r<200&&(r=200),s.height=r):\"link\"===t.message&&(r=new URL(s.getAttribute(\"src\")),n=new URL(t.value),c.test(n.protocol))&&n.host===r.host&&l.activeElement===s&&(d.top.location.href=t.value))}},d.addEventListener(\"message\",d.wp.receiveEmbedMessage,!1),l.addEventListener(\"DOMContentLoaded\",function(){for(var e,t,s=l.querySelectorAll(\"iframe.wp-embedded-content\"),r=0;r<s.length;r++)(t=(e=s[r]).getAttribute(\"data-secret\"))||(t=Math.random().toString(36).substring(2,12),e.src+=\"#?secret=\"+t,e.setAttribute(\"data-secret\",t)),e.contentWindow.postMessage({message:\"ready\",secret:t},\"*\")},!1)))}(window,document);\n\/\/# sourceURL=https:\/\/www.evangelisch-in-jerusalem.org\/wp-includes\/js\/wp-embed.min.js\n<\/script>","thumbnail_url":"https:\/\/www.evangelisch-in-jerusalem.org\/wp-content\/uploads\/2020\/09\/Altar-im-Kreuzgang.jpg","thumbnail_width":1838,"thumbnail_height":1080,"description":"Wir laden ein, den zuvor aufgezeichneten Gottesdienst der Erl\u00f6serkirche per Youtube mitzufeiern. Wir haben f\u00fcr den Sonntag vertretungsweise vorgesehenen Musiker, Herrn Benjamin Goodman, um seinen musikalischen Dienst f\u00fcr die Gottesdienstaufzeichnung gebeten. Kirchengemeinderat Michael Mohrmann hat bei Lesungen und Gebeten mitgewirkt und au\u00dferdem f\u00fcr die technische Umsetzung gesorgt. Danke. Die Predigt h\u00e4lt Propst Joachim Lenz. Der &hellip; Continue reading \"\""}

Christoph Müller

Gottesdienst zum 20.9.2020aus dem Kreuzgang der Erlöserkirche - Evangelisch in Jerusalem

<blockquote class="wp-embedded-content" data-secret="0proAwf182"><a href="https://www.evangelisch-in-jerusalem.org/en/2020/09/24/gottesdienst-vom-20-9-2020/">Gottesdienst zum 20.9.2020<br>aus dem Kreuzgang der Erlöserkirche</a></blockquote><iframe sandbox="allow-scripts" security="restricted" src="https://www.evangelisch-in-jerusalem.org/en/2020/09/24/gottesdienst-vom-20-9-2020/embed/#?secret=0proAwf182" width="600" height="338" title="&#8220;Gottesdienst zum 20.9.2020&lt;BR&gt;aus dem Kreuzgang der Erlöserkirche&#8221; &#8212; Evangelisch in Jerusalem" data-secret="0proAwf182" frameborder="0" marginwidth="0" marginheight="0" scrolling="no" class="wp-embedded-content"></iframe><script>
/*! This file is auto-generated */
!function(d,l){"use strict";l.querySelector&&d.addEventListener&&"undefined"!=typeof URL&&(d.wp=d.wp||{},d.wp.receiveEmbedMessage||(d.wp.receiveEmbedMessage=function(e){var t=e.data;if((t||t.secret||t.message||t.value)&&!/[^a-zA-Z0-9]/.test(t.secret)){for(var s,r,n,a=l.querySelectorAll('iframe[data-secret="'+t.secret+'"]'),o=l.querySelectorAll('blockquote[data-secret="'+t.secret+'"]'),c=new RegExp("^https?:$","i"),i=0;i<o.length;i++)o[i].style.display="none";for(i=0;i<a.length;i++)s=a[i],e.source===s.contentWindow&&(s.removeAttribute("style"),"height"===t.message?(1e3<(r=parseInt(t.value,10))?r=1e3:~~r<200&&(r=200),s.height=r):"link"===t.message&&(r=new URL(s.getAttribute("src")),n=new URL(t.value),c.test(n.protocol))&&n.host===r.host&&l.activeElement===s&&(d.top.location.href=t.value))}},d.addEventListener("message",d.wp.receiveEmbedMessage,!1),l.addEventListener("DOMContentLoaded",function(){for(var e,t,s=l.querySelectorAll("iframe.wp-embedded-content"),r=0;r<s.length;r++)(t=(e=s[r]).getAttribute("data-secret"))||(t=Math.random().toString(36).substring(2,12),e.src+="#?secret="+t,e.setAttribute("data-secret",t)),e.contentWindow.postMessage({message:"ready",secret:t},"*")},!1)))}(window,document);
//# sourceURL=https://www.evangelisch-in-jerusalem.org/wp-includes/js/wp-embed.min.js
</script>

Wir laden ein, den zuvor aufgezeichneten Gottesdienst der Erlöserkirche per Youtube mitzufeiern. Wir haben für den Sonntag vertretungsweise vorgesehenen Musiker, Herrn Benjamin Goodman, um seinen musikalischen Dienst für die Gottesdienstaufzeichnung gebeten. Kirchengemeinderat Michael Mohrmann hat bei Lesungen und Gebeten mitgewirkt und außerdem für die technische Umsetzung gesorgt. Danke. Die Predigt hält Propst Joachim Lenz. Der &hellip; Continue reading ""
